s(q) = 8*q + 25. Let u(g) = -5*s(g) - 4*x(g). Let z be u(-6). Give n(z).
6
Let k = -91 - -93. Let b be (-520)/(-56) + 4/(-14). Suppose 0 = -5*q + s + 1, 2*q + k*s = q + b. Let i(r) = r**2 - r + 1. What is i(q)?
1
Suppose 3*w - 29 + 10 = -2*b, w + 5*b - 28 = 0. Let j(m) = 70 - 69 - 4*m**w - 3*m**2 - 2*m + 5*m**3. Determine j(3).
-5
Let p(i) = -50 - 33 - 7*i + 5*i - 2*i + 13. Let c be p(-17). Let f(t) = 8*t + 2. What is f(c)?
-14
Let v be (1 + 0)*(-15)/(-10)*34/(-51). Let a(d) = 8*d**3 + 2*d**2 + 5*d + 2. Calculate a(v).
-9
Let j(a) be the second derivative of a**4/12 + 23*a**3/6 + 11*a**2/2 - 5227*a. Calculate j(-20).
-49
Let z(a) = -2*a**2 - 9*a - 4. Let x be z(-4). Let y be (-8 + x)*-1 - 3. Let f(q) = -q - q**2 + 2 + y*q + 6*q - 8*q. Give f(5).
-13
Let w(a) = -2*a**2 + 2*a - 1. Let r = 53 - 22. Suppose -3*u = -12, 4*u + 77 = 4*i - 35. Let v = i - r. Give w(v).
-1
Let c(l) = -20*l**2 - 23*l + 147. Let x(q) = 7*q**2 + 8*q - 52. Let y(u) = -6*c(u) - 17*x(u). Determine y(-3).
5
Let a(u) = -9*u - 8. Suppose 35 = -5*b - 5*c + 70, -4*b + 38 = -c. What is a(b)?
-89
Let y = -1/2530 + 634/3795. Let c(x) be the second derivative of 5/2*x**2 + y*x**3 - x + 0. Give c(-4).
1
Let s(b) = b**3 + 7*b**2 + 5*b + 2. Let d = -12 - -16. Suppose 0 = d*r + 2*l - 136, 84 = 2*r - 2*l - l. Suppose 32*c - 24 = r*c. What is s(c)?
8
Let z(b) = 7*b**3 + 2*b**2 + b. Let p(o) = -o**3 + o**2 + 2*o + 8. Let s be p(0). Suppose 0 = d + s*d. Suppose j + 6 = -j, d = -4*x + 5*j + 11. Give z(x).
-6
Let a(v) = -6*v - 49. Let c = 2154 - 2161. Give a(c).
-7
Let l(r) = r**2 - r + 1 + 5*r + 4*r. Let i be -260*14/56 - -57. Calculate l(i).
1
Let y be (5/10*292)/(1/6). Let a be y/(-180) + 2/(-15). Let n(j) be the third derivative of j**5/60 + j**4/8 - j**3/6 + 5*j**2. What is n(a)?
9
Suppose -16 - 328 = -8*j. Let b = -41 + j. Let s(z) = z**2 - 17*z**3 + b*z**2 - 6*z + 18*z**3 - 2. Give s(-4).
6
Let m(h) = 13*h**3 + 1431*h**2 + 4*h - 1. Let u(f) = -10*f**3 - 1113*f**2 - 3*f + 1. Let b(x) = -7*m(x) - 9*u(x). Let k be 1*-2 + 0/(-2). What is b(k)?
8
Let r(h) be the third derivative of h**6/120 - h**5/12 + 5*h**4/24 - 2*h**3/3 + 186*h**2 - 2*h. Let l = 7 + -3. Give r(l).
0
Let l(q) = -q**3 - 2*q**2 + 2*q - 1. Let x be l(1). Let w(z) = 189*z - 367*z + 179*z. What is w(x)?
-2
Let k = -15321 - -15304. Let p(a) = a**2 + 16*a - 34. Determine p(k).
-17
Let z(n) = -7*n**2 - 97*n + 305. Let y(m) = 18*m**2 + 290*m - 905. Let w(j) = 3*y(j) + 8*z(j). Give w(3).
-11
Suppose -1181 + 2909 = 3*w. Suppose -f + w = 8*f. Let m = 65 - f. Let y(p) = -4*p + 1. Calculate y(m).
-3
Let n(u) = 0*u**2 - u**2 + 6*u**2 - 21*u - 2712 - 4*u**2 + 2716. Determine n(5).
-76
Suppose 4*w + 4*v = 3 - 7, -3*w + v = 7. Let g be (-4)/(4 + w) - -5. Let n(j) = -39*j + 6 + 37*j + 3*j**2 + 0*j**2 - 4 - 2*j**2. Determine n(g).
5
Let l(k) = -k**2 - 4*k - 6. Let r be 2/7 + 338/(-7). Let h be (-20467)/388 + (-1)/4 - 1. Let s = h - r. Give l(s).
-18
Let u(y) be the second derivative of -23*y**3/6 - 17*y**2/2 + 11206*y. Determine u(0).
-17
Let g(m) be the first derivative of m**4/4 + 7*m**3/3 - 3*m**2/2 - 2*m + 127. Suppose 113*i - 98*i = -105. Determine g(i).
19
Let u(c) = c**3 + 8*c**2 - 2*c - 17. Let b(f) = f**3 - 53*f**2 - 108*f - 104. Let v be b(55). Suppose -9*y + 4*y = 5*l + 30, v*l - 52 = 5*y. What is u(y)?
-1
Let d(m) be the first derivative of m**3/3 + m**2 - 29*m + 2401. Determine d(-8).
19
Let i(d) = -d. Let f(g) = -g + 43. Let y(l) = f(l) - 2*i(l). Let m(z) = -21. Let j(x) = -5*m(x) - 2*y(x). Give j(7).
5
Suppose l = -5, 7 = a - l - 0. Let c(j) = -6*j + 14. Let r(y) = 3*y - 7. Let s(b) = a*c(b) + 5*r(b). What is s(7)?
14
Let z(q) be the first derivative of q**4/4 - 13*q**3/3 + 16*q**2 - 14*q - 2310. What is z(10)?
6
Let x(a) be the second derivative of -a**4/12 - a**3/6 + a**2 + 6*a - 1206. Let b(m) = -m**2 + 5*m - 6. Let k be b(4). What is x(k)?
0
Let k(l) be the first derivative of 2*l - 26 + 1/2*l**2. Determine k(7).
9
Suppose -10*i - 9 = -22 - 17. Let z(x) be the first derivative of x + 0*x**2 - 23 - 11/2*x**4 - 1/3*x**i. Determine z(-1).
22
Let c = -1930 + 1933. Let y(n) = -8*n + 4*n**c - 3*n**3 + 75 - 10*n**2 + 4*n**2 - 71. Suppose 5*k = 2*i + 1, 8*i + 3*k = 3*i + 44. Determine y(i).
-3
Let c(v) be the third derivative of 13/6*v**3 + 0*v + 0 - 25*v**2 + 1/24*v**4. Calculate c(-7).
6
Let a(k) = -9 + 3*k**2 - 13*k**2 + 9*k**3 - 11*k**3 - 10*k - 2*k. Let d be a(-4). Let f(p) = -p + 1 + 3*p + 0. Give f(d).
15
Let r be (-50)/20 - (-30)/(-45)*(-21)/(-4). Let s(w) = -w**3 - 8*w**2 - 9*w - 10. What is s(r)?
-28
Let g(m) be the second derivative of -1/6*m**4 + 6*m - 1/12*m**5 - 1/720*m**6 + 0 + 0*m**2 + 0*m**3. Let k(l) be the third derivative of g(l). Give k(-8).
-2
Let y(x) = 21*x + 5. Let r(d) = -2*d**2 + 2*d + 2. Let p be r(1). Give y(p).
47
Let s = 34987 - 35011. Let c(h) = h**3 + 25*h**2 + 23*h - 23. What is c(s)?
1
Suppose -5*f + 15 = -2*c, -5*c - 6 = 5*f + 14. Suppose 12*p = 15 + 9. Let a(w) = w**p + 3 - 4 + 3 + 4*w + w. Give a(c).
2
Let l(g) = 21*g**2 + 5*g**2 + 0*g**3 + 5*g + 2*g**3 - 623 - g**3 + 670. What is l(-26)?
-83
Let b(c) = 6*c**2 - 1. Suppose u - 280 = -2*s - 0*u, 4*s + 5*u - 572 = 0. Suppose s = 3*q + 141. Determine b(q).
5
Let x be (-1)/(4/80*-4). Suppose -2*i = 2*g + 10, -x*g + 7 = -i + 2. Let f(p) = -p - 11. Determine f(g).
-11
Let a(v) = v**3 - 8*v**2 - 7*v - 4. Suppose -37 = -3*r - 2*d, 141 = -3*r + d + 163. What is a(r)?
14
Let j(r) = -r**2 + 8*r + 4. Suppose 0 = 46*m - 33*m - 10725. Let o = -818 + m. Calculate j(o).
11
Let i(b) = 2*b**3 - 18*b**2 + 48*b - 173. Let h be i(7). Let r(q) = 4*q + 146. Calculate r(h).
14
Let t(w) = 18*w - 195231*w**2 - 1 + 195232*w**2 - 5*w. Let a be 2/4*(-17 + -3). What is t(a)?
-31
Let b(j) be the second derivative of j**5/20 + 2*j**4/3 - 4*j**3/3 - 9*j**2 - 6533*j. Give b(-9).
-27
Let j(p) = -18*p + 1. Let u = -101 - -101. Suppose -4*h + 3 + 1 = u. Give j(h).
-17
Let w(z) = -2*z**3 + 21*z**2 - 8*z. Suppose -l + 10 = -1305*d + 1309*d, -3*l + 30 = 3*d. Determine w(l).
20
Let m be 8 + ((-2)/5 - (-91)/(-35)). Let h(r) = r**3 - 5*r**2 + 2*r + 4. Let v be h(m). Suppose 6*k - v*k + 40 = 0. Let c(b) = -b. Calculate c(k).
-5
Suppose 149*f + 33 + 42 = 146*f. Let a(l) = -l**2 - 26*l - 30. Calculate a(f).
-5
Let d(n) = 3*n + 7*n + n**2 - 2 + 0*n**2. Suppose 38*g + 672*g + 2922 = -2048. Give d(g).
-23
Let h(i) = 0 + 10 - 46*i - 7 - 6*i**2 + 1 + 47*i. Let r(g) = -3*g + 1. Let q be r(2). Let w(f) = f**2 + f. Let a(p) = q*w(p) - h(p). Determine a(6).
-4
Suppose -5*j + 5*o - 169 - 31 = 0, -o - 2 = 0. Let g be (0*7/j)/(8/(-2)). Let y(t) = -t**2 - t - 26. Give y(g).
-26
Suppose b + b + 224 = 0. Let x = 43 - 146. Let u = x - b. Let q(c) = c**2 - 10*c + 8. Give q(u).
-1
Let h(k) be the second derivative of k**5/120 - k**4 + 6*k**3 + 3*k - 10. Let u(v) be the second derivative of h(v). Calculate u(0).
-24
Let u(z) = -5*z + 3. Suppose -14*w - 17 + 59 = 0. Suppose -l = -x + w*l + 22, -3*l - 15 = 0. Determine u(x).
-7
Let f(d) be the second derivative of d**4/3 - 49*d**2/2 + 2*d - 4130. Calculate f(-4).
15
Let s(g) = g. Suppose -p - 18 = -4*w, -3*w + 42 - 9 = -4*p. Let m(t) = 2*t + 5. Let z be m(p). Calculate s(z).
-7
Suppose 5*q - r + 235 = 2*r, -4*q = 5*r + 225. Let h = q + 54. Let n(b) = 0 + 0*b**2 - 1 - h*b**2 + b**2. Calculate n(1).
-4
Let s(p) = -p + 4. Let t = -73 - -70. Let f be 2*(0/5 - t). Give s(f).
-2
Let z(r) = -r**2 - 14*r - 48. Let l = 3049 + -3059. Calculate z(l).
-8
Let u(k) = 7 + 16*k - k - 14*k. Let c = -71 - -64. What is u(c)?
0
Let s(x) = -x**2 - 6*x. Let t = 122 + -57. Suppose 69*b - t*b = 200. Suppose -2*o + 44 = b. Give s(o).
9
Let h(a) = -a + 2. Let r(q) = -50*q - 2 + 46*q + 3 + 6. Let f(y) = -26*h(y) + 6*r(y). Calculate f(8).
6
Let p(r) = 11*r - 1. Let t be (-2 - -2)*(1 + (-4)/3). Suppose t = -3*i + 34 - 13. Suppose -i*u - 1 = -8*u. What is p(u)?
10
Suppose -2454*h = -2450*h - 1312. Suppose -22*b = 19*b + h. Let a(s) = s - 6. What is a(b)?
-14
Let t = -15 + 20. Suppose -b - 24 = -t*b. Let c(i) = 5*i**2 + 3*i - 4. Let l(y) = 3*y**2 + y - 2. Let h(a) = -4*c(a) + 7*l(a). Give h(b).
8
Let f be (-3)/30*(-65 - -75). Let s(i) = 3*i + 3. Calculate s(f).
0
Suppose 411 = -p + 2*t + 371, p + 42 = t. Let o(n) = 4*n + 177. What is o(p)?
1
Let l(x) = -3093*x**2 + 6*x + 1127 - 1118 + 